{"id":2962,"date":"2018-11-05T11:10:15","date_gmt":"2018-11-05T13:10:15","guid":{"rendered":"https:\/\/www.saopauloexpo.com.br\/pt\/?page_id=2962"},"modified":"2019-12-20T13:30:15","modified_gmt":"2019-12-20T15:30:15","slug":"gastronomia","status":"publish","type":"page","link":"https:\/\/www.saopauloexpo.com.br\/pt\/guia\/gastronomia\/","title":{"rendered":"Gastronomia"},"content":{"rendered":"<div class=\"wpb-content-wrapper\"><p>[vc_row css_animation=&#8221;&#8221; row_type=&#8221;row&#8221; use_row_as_full_screen_section=&#8221;no&#8221; type=&#8221;grid&#8221; angled_section=&#8221;no&#8221; text_align=&#8221;left&#8221; background_image=&#8221;2965&#8243; background_image_as_pattern=&#8221;without_pattern&#8221; css=&#8221;.vc_custom_1541423403575{padding-top: 100px !important;padding-bottom: 130px !important;}&#8221; z_index=&#8221;&#8221;][vc_column width=&#8221;1\/6&#8243;][\/vc_column][vc_column width=&#8221;2\/3&#8243;][vc_empty_space][vc_column_text]<\/p>\n<h1 style=\"text-align: center;\"><span style=\"color: #ffffff;\"><strong>GASTRONOMIA<\/strong><\/span><\/h1>\n<p>[\/vc_column_text][vc_separator type=&#8221;normal&#8221; color=&#8221;#ffffff&#8221; up=&#8221;30&#8243; down=&#8221;30&#8243; el_class=&#8221;divisor-preto-curto&#8221;][vc_column_text]<\/p>\n<p style=\"text-align: center;\"><span style=\"color: #ffffff;\">Uma gastronomia rica e diversificada, que atende todos os gostos nos mais variados pre\u00e7os.<\/span><\/p>\n<p>[\/vc_column_text][vc_empty_space][\/vc_column][vc_column width=&#8221;1\/6&#8243;][\/vc_column][\/vc_row][vc_row css_animation=&#8221;&#8221; row_type=&#8221;row&#8221; use_row_as_full_screen_section=&#8221;no&#8221; type=&#8221;full_width&#8221; angled_section=&#8221;no&#8221; text_align=&#8221;left&#8221; background_image_as_pattern=&#8221;without_pattern&#8221;][vc_column][vc_empty_space height=&#8221;82px&#8221;][\/vc_column][\/vc_row][vc_row css_animation=&#8221;&#8221; row_type=&#8221;row&#8221; use_row_as_full_screen_section=&#8221;no&#8221; type=&#8221;grid&#8221; angled_section=&#8221;no&#8221; text_align=&#8221;center&#8221; background_image_as_pattern=&#8221;without_pattern&#8221; z_index=&#8221;&#8221; el_class=&#8221;precos-estac&#8221;][vc_column width=&#8221;1\/2&#8243;][vc_row_inner row_type=&#8221;row&#8221; type=&#8221;full_width&#8221; text_align=&#8221;left&#8221; css_animation=&#8221;&#8221;][vc_column_inner][qode_elements_holder number_of_columns=&#8221;two_columns&#8221; columns_proportion=&#8221;25_75&#8243;][qode_elements_holder_item background_image=&#8221;3016&#8243; item_padding=&#8221;70px 0 55px 0&#8243; advanced_animations=&#8221;no&#8221; custom_class=&#8221;caixa-imagem&#8221;][\/qode_elements_holder_item][qode_elements_holder_item background_color=&#8221;#d8d8d8&#8243; advanced_animations=&#8221;no&#8221; item_padding_600_768=&#8221;0 0 10px 0&#8243; item_padding_480_600=&#8221;0 0 10px 0&#8243; item_padding_480=&#8221;0 0 10px 0&#8243; custom_class=&#8221;caixa-preco&#8221;][vc_column_text css=&#8221;.vc_custom_1541423136066{padding-right: 15px !important;padding-left: 15px !important;}&#8221;]<strong>CEAGESP<br \/>\n<\/strong>O terceiro maior centro atacadista de alimentos do mundo.<br \/>\nAv. Dr. Gast\u00e3o Vidigal, 1.946 \u2013 Leopoldina<br \/>\nTel.: (11) 3643-3700<br \/>\n<em><a href=\"http:\/\/www.ceagesp.gov.br\" target=\"_blank\" rel=\"noopener noreferrer\">www.ceagesp.gov.br<\/a><\/em>[\/vc_column_text][\/qode_elements_holder_item][\/qode_elements_holder][\/vc_column_inner][\/vc_row_inner][vc_empty_space][\/vc_column][vc_column width=&#8221;1\/2&#8243;][vc_row_inner row_type=&#8221;row&#8221; type=&#8221;full_width&#8221; text_align=&#8221;left&#8221; css_animation=&#8221;&#8221;][vc_column_inner][qode_elements_holder number_of_columns=&#8221;two_columns&#8221; columns_proportion=&#8221;25_75&#8243;][qode_elements_holder_item background_image=&#8221;3019&#8243; item_padding=&#8221;70px 0 55px 0&#8243; advanced_animations=&#8221;no&#8221; custom_class=&#8221;caixa-imagem&#8221;][\/qode_elements_holder_item][qode_elements_holder_item background_color=&#8221;#d8d8d8&#8243; advanced_animations=&#8221;no&#8221; item_padding_600_768=&#8221;0 0 10px 0&#8243; item_padding_480_600=&#8221;0 0 10px 0&#8243; item_padding_480=&#8221;0 0 10px 0&#8243; custom_class=&#8221;caixa-preco&#8221;][vc_column_text css=&#8221;.vc_custom_1541423147527{padding-right: 15px !important;padding-left: 15px !important;}&#8221;]<strong>Mercado Municipal<br \/>\n<\/strong>Um dos maiores \u00edcones gastron\u00f4micos do pa\u00eds.<br \/>\nR. Cantareira, 306 \u2013 Centro<br \/>\nTel.: (11) 3313-3365<br \/>\n<em><a href=\"http:\/\/www.oportaldomercadao.com.br\" target=\"_blank\" rel=\"noopener noreferrer\">www.oportaldomercadao.com.br<\/a><\/em>[\/vc_column_text][\/qode_elements_holder_item][\/qode_elements_holder][\/vc_column_inner][\/vc_row_inner][vc_empty_space][\/vc_column][\/vc_row][vc_row css_animation=&#8221;&#8221; row_type=&#8221;row&#8221; use_row_as_full_screen_section=&#8221;no&#8221; type=&#8221;grid&#8221; angled_section=&#8221;no&#8221; text_align=&#8221;center&#8221; background_image_as_pattern=&#8221;without_pattern&#8221; z_index=&#8221;&#8221; el_class=&#8221;precos-estac&#8221;][vc_column width=&#8221;1\/2&#8243;][vc_row_inner row_type=&#8221;row&#8221; type=&#8221;full_width&#8221; text_align=&#8221;left&#8221; css_animation=&#8221;&#8221;][vc_column_inner][qode_elements_holder number_of_columns=&#8221;two_columns&#8221; columns_proportion=&#8221;25_75&#8243;][qode_elements_holder_item background_image=&#8221;3021&#8243; item_padding=&#8221;70px 0 55px 0&#8243; advanced_animations=&#8221;no&#8221; custom_class=&#8221;caixa-imagem&#8221;][\/qode_elements_holder_item][qode_elements_holder_item background_color=&#8221;#d8d8d8&#8243; advanced_animations=&#8221;no&#8221; item_padding_600_768=&#8221;0 0 10px 0&#8243; item_padding_480_600=&#8221;0 0 10px 0&#8243; item_padding_480=&#8221;0 0 10px 0&#8243; custom_class=&#8221;caixa-preco&#8221;][vc_column_text css=&#8221;.vc_custom_1541602282794{padding-right: 15px !important;padding-left: 15px !important;}&#8221;]<strong>Edif\u00edcio It\u00e1lia (Terra\u00e7o It\u00e1lia)<\/strong><br \/>\nCozinha italiana \u00e0 luz de vela, piano e espl\u00eandida vista da cidade.<br \/>\nAv. Ipiranga, 344 \u2013 Centro<br \/>\nTel.: (11) 3256-5574<br \/>\n<em><a href=\"http:\/\/www.edificioitalia.com.br\" target=\"_blank\" rel=\"noopener noreferrer\">www.edificioitalia.com.br<\/a><\/em>[\/vc_column_text][\/qode_elements_holder_item][\/qode_elements_holder][\/vc_column_inner][\/vc_row_inner][vc_empty_space][\/vc_column][vc_column width=&#8221;1\/2&#8243;][vc_empty_space][\/vc_column][\/vc_row][vc_row css_animation=&#8221;&#8221; row_type=&#8221;row&#8221; use_row_as_full_screen_section=&#8221;no&#8221; type=&#8221;full_width&#8221; angled_section=&#8221;no&#8221; text_align=&#8221;left&#8221; background_image_as_pattern=&#8221;without_pattern&#8221;][vc_column][vc_empty_space][\/vc_column][\/vc_row][vc_row css_animation=&#8221;&#8221; row_type=&#8221;row&#8221; use_row_as_full_screen_section=&#8221;no&#8221; type=&#8221;grid&#8221; angled_section=&#8221;no&#8221; text_align=&#8221;left&#8221; background_image_as_pattern=&#8221;without_pattern&#8221; z_index=&#8221;&#8221;][vc_column width=&#8221;1\/3&#8243;][\/vc_column][vc_column width=&#8221;1\/3&#8243;][vc_raw_html]JTNDZGl2JTIwY2xhc3MlM0QlMjJ0aXR1bG8tb3Bjb2VzJTIyJTNFQUxHVU1BUyUyME9QJUMzJTg3JUMzJTk1RVMlMjBQQVJBJTIwVk9DJUMzJThBJTNBJTNDJTJGZGl2JTNF[\/vc_raw_html][vc_empty_space][\/vc_column][vc_column width=&#8221;1\/3&#8243;][\/vc_column][\/vc_row][vc_row css_animation=&#8221;&#8221; row_type=&#8221;row&#8221; use_row_as_full_screen_section=&#8221;no&#8221; type=&#8221;grid&#8221; angled_section=&#8221;no&#8221; text_align=&#8221;left&#8221; background_image_as_pattern=&#8221;without_pattern&#8221; z_index=&#8221;&#8221;][vc_column width=&#8221;1\/4&#8243;][\/vc_column][vc_column width=&#8221;1\/2&#8243;][vc_row_inner row_type=&#8221;row&#8221; type=&#8221;full_width&#8221; text_align=&#8221;left&#8221; css_animation=&#8221;&#8221;][vc_column_inner width=&#8221;1\/3&#8243;][vc_raw_html]JTNDZGl2JTIwY2xhc3MlM0QlMjJib3Rhby1leHBsb3JlLXNxdWFyZSUyMiUzRSUzQ2ElMjBocmVmJTNEJTIyaHR0cHMlM0ElMkYlMkZ3d3cuc2FvcGF1bG9leHBvLmNvbS5iciUyRnB0JTJGZ3VpYSUyRmV4cGxvcmUtc2FvLXBhdWxvJTJGJTIyJTIwY2xhc3MlM0QlMjJib3Rhby1leHBvc2l0b3IlMjIlM0UlM0NpbWclMjBzcmMlM0QlMjJodHRwcyUzQSUyRiUyRnd3dy5zYW9wYXVsb2V4cG8uY29tLmJyJTJGcHQlMkZ3cC1jb250ZW50JTJGdXBsb2FkcyUyRjIwMTglMkYxMCUyRmJvdGFvX2V4cGxvcmVzcF9jaW56YS5qcGclMjIlM0UlM0MlMkZhJTNFJTNDJTJGZGl2JTNF[\/vc_raw_html][\/vc_column_inner][vc_column_inner width=&#8221;1\/3&#8243;][vc_raw_html]JTNDZGl2JTIwY2xhc3MlM0QlMjJib3Rhby1sYXplci1zcXVhcmUlMjIlM0UlM0NhJTIwaHJlZiUzRCUyMmh0dHBzJTNBJTJGJTJGd3d3LnNhb3BhdWxvZXhwby5jb20uYnIlMkZwdCUyRmd1aWElMkZsYXplci1lLWVudHJldGVuaW1lbnRvJTJGJTIyJTIwY2xhc3MlM0QlMjJib3Rhby1leHBvc2l0b3IlMjIlM0UlM0NpbWclMjBzcmMlM0QlMjJodHRwcyUzQSUyRiUyRnd3dy5zYW9wYXVsb2V4cG8uY29tLmJyJTJGcHQlMkZ3cC1jb250ZW50JTJGdXBsb2FkcyUyRjIwMTglMkYxMCUyRmJvdGFvX2xhemVyX2NpbnphLmpwZyUyMiUzRSUzQyUyRmElM0UlM0MlMkZkaXYlM0U=[\/vc_raw_html][\/vc_column_inner][vc_column_inner width=&#8221;1\/3&#8243;][vc_raw_html]JTNDZGl2JTIwY2xhc3MlM0QlMjJib3Rhby1hcnRlLXNxdWFyZSUyMiUzRSUzQ2ElMjBocmVmJTNEJTIyaHR0cHMlM0ElMkYlMkZ3d3cuc2FvcGF1bG9leHBvLmNvbS5iciUyRnB0JTJGZ3VpYSUyRmFydGUtZS1jdWx0dXJhJTJGJTIyJTIwY2xhc3MlM0QlMjJib3Rhby1leHBvc2l0b3IlMjIlM0UlM0NpbWclMjBzcmMlM0QlMjJodHRwcyUzQSUyRiUyRnd3dy5zYW9wYXVsb2V4cG8uY29tLmJyJTJGcHQlMkZ3cC1jb250ZW50JTJGdXBsb2FkcyUyRjIwMTglMkYxMCUyRmJvdGFvX2FydGVfY2luemEuanBnJTIyJTNFJTNDJTJGYSUzRSUzQyUyRmRpdiUzRQ==[\/vc_raw_html][\/vc_column_inner][\/vc_row_inner][\/vc_column][vc_column width=&#8221;1\/4&#8243;][\/vc_column][\/vc_row][vc_row css_animation=&#8221;&#8221; row_type=&#8221;row&#8221; use_row_as_full_screen_section=&#8221;no&#8221; type=&#8221;full_width&#8221; angled_section=&#8221;no&#8221; text_align=&#8221;left&#8221; background_image_as_pattern=&#8221;without_pattern&#8221;][vc_column][vc_empty_space height=&#8221;102px&#8221;][\/vc_column][\/vc_row]<\/p>\n<\/div>","protected":false},"excerpt":{"rendered":"<p>[vc_row css_animation=&#8221;&#8221; row_type=&#8221;row&#8221; use_row_as_full_screen_section=&#8221;no&#8221; type=&#8221;grid&#8221; angled_section=&#8221;no&#8221; text_align=&#8221;left&#8221; background_image=&#8221;2965&#8243; background_image_as_pattern=&#8221;without_pattern&#8221; css=&#8221;.vc_custom_1541423403575{padding-top: 100px !important;padding-bottom: 130px !important;}&#8221; z_index=&#8221;&#8221;][vc_column width=&#8221;1\/6&#8243;][\/vc_column][vc_column width=&#8221;2\/3&#8243;][vc_empty_space][vc_column_text] GASTRONOMIA [\/vc_column_text][vc_separator type=&#8221;normal&#8221; color=&#8221;#ffffff&#8221; up=&#8221;30&#8243; down=&#8221;30&#8243; el_class=&#8221;divisor-preto-curto&#8221;][vc_column_text] Uma gastronomia rica e diversificada, que atende todos os gostos nos mais variados pre\u00e7os. [\/vc_column_text][vc_empty_space][\/vc_column][vc_column width=&#8221;1\/6&#8243;][\/vc_column][\/vc_row][vc_row css_animation=&#8221;&#8221; row_type=&#8221;row&#8221; use_row_as_full_screen_section=&#8221;no&#8221; type=&#8221;full_width&#8221; angled_section=&#8221;no&#8221;&#8230;<\/p>\n","protected":false},"author":1,"featured_media":0,"parent":2836,"menu_order":0,"comment_status":"closed","ping_status":"closed","template":"full_width.php","meta":{"footnotes":""},"class_list":["post-2962","page","type-page","status-publish","hentry"],"_links":{"self":[{"href":"https:\/\/www.saopauloexpo.com.br\/pt\/wp-json\/wp\/v2\/pages\/2962","targetHints":{"allow":["GET"]}}],"collection":[{"href":"https:\/\/www.saopauloexpo.com.br\/pt\/wp-json\/wp\/v2\/pages"}],"about":[{"href":"https:\/\/www.saopauloexpo.com.br\/pt\/wp-json\/wp\/v2\/types\/page"}],"author":[{"embeddable":true,"href":"https:\/\/www.saopauloexpo.com.br\/pt\/wp-json\/wp\/v2\/users\/1"}],"replies":[{"embeddable":true,"href":"https:\/\/www.saopauloexpo.com.br\/pt\/wp-json\/wp\/v2\/comments?post=2962"}],"version-history":[{"count":1,"href":"https:\/\/www.saopauloexpo.com.br\/pt\/wp-json\/wp\/v2\/pages\/2962\/revisions"}],"predecessor-version":[{"id":3936,"href":"https:\/\/www.saopauloexpo.com.br\/pt\/wp-json\/wp\/v2\/pages\/2962\/revisions\/3936"}],"up":[{"embeddable":true,"href":"https:\/\/www.saopauloexpo.com.br\/pt\/wp-json\/wp\/v2\/pages\/2836"}],"wp:attachment":[{"href":"https:\/\/www.saopauloexpo.com.br\/pt\/wp-json\/wp\/v2\/media?parent=2962"}],"curies":[{"name":"wp","href":"https:\/\/api.w.org\/{rel}","templated":true}]}}

<div class="wpb-content-wrapper"><p>[vc_row css_animation=&#8221;&#8221; row_type=&#8221;row&#8221; use_row_as_full_screen_section=&#8221;no&#8221; type=&#8221;grid&#8221; angled_section=&#8221;no&#8221; text_align=&#8221;left&#8221; background_image=&#8221;2965&#8243; background_image_as_pattern=&#8221;without_pattern&#8221; css=&#8221;.vc_custom_1541423403575{padding-top: 100px !important;padding-bottom: 130px !important;}&#8221; z_index=&#8221;&#8221;][vc_column width=&#8221;1/6&#8243;][/vc_column][vc_column width=&#8221;2/3&#8243;][vc_empty_space][vc_column_text]</p>
<h1 style="text-align: center;"><span style="color: #ffffff;"><strong>GASTRONOMIA</strong></span></h1>
<p>[/vc_column_text][vc_separator type=&#8221;normal&#8221; color=&#8221;#ffffff&#8221; up=&#8221;30&#8243; down=&#8221;30&#8243; el_class=&#8221;divisor-preto-curto&#8221;][vc_column_text]</p>
<p style="text-align: center;"><span style="color: #ffffff;">Uma gastronomia rica e diversificada, que atende todos os gostos nos mais variados preços.</span></p>
<p>[/vc_column_text][vc_empty_space][/vc_column][vc_column width=&#8221;1/6&#8243;][/vc_column][/vc_row][vc_row css_animation=&#8221;&#8221; row_type=&#8221;row&#8221; use_row_as_full_screen_section=&#8221;no&#8221; type=&#8221;full_width&#8221; angled_section=&#8221;no&#8221; text_align=&#8221;left&#8221; background_image_as_pattern=&#8221;without_pattern&#8221;][vc_column][vc_empty_space height=&#8221;82px&#8221;][/vc_column][/vc_row][vc_row css_animation=&#8221;&#8221; row_type=&#8221;row&#8221; use_row_as_full_screen_section=&#8221;no&#8221; type=&#8221;grid&#8221; angled_section=&#8221;no&#8221; text_align=&#8221;center&#8221; background_image_as_pattern=&#8221;without_pattern&#8221; z_index=&#8221;&#8221; el_class=&#8221;precos-estac&#8221;][vc_column width=&#8221;1/2&#8243;][vc_row_inner row_type=&#8221;row&#8221; type=&#8221;full_width&#8221; text_align=&#8221;left&#8221; css_animation=&#8221;&#8221;][vc_column_inner][qode_elements_holder number_of_columns=&#8221;two_columns&#8221; columns_proportion=&#8221;25_75&#8243;][qode_elements_holder_item background_image=&#8221;3016&#8243; item_padding=&#8221;70px 0 55px 0&#8243; advanced_animations=&#8221;no&#8221; custom_class=&#8221;caixa-imagem&#8221;][/qode_elements_holder_item][qode_elements_holder_item background_color=&#8221;#d8d8d8&#8243; advanced_animations=&#8221;no&#8221; item_padding_600_768=&#8221;0 0 10px 0&#8243; item_padding_480_600=&#8221;0 0 10px 0&#8243; item_padding_480=&#8221;0 0 10px 0&#8243; custom_class=&#8221;caixa-preco&#8221;][vc_column_text css=&#8221;.vc_custom_1541423136066{padding-right: 15px !important;padding-left: 15px !important;}&#8221;]<strong>CEAGESP<br />
</strong>O terceiro maior centro atacadista de alimentos do mundo.<br />
Av. Dr. Gastão Vidigal, 1.946 – Leopoldina<br />
Tel.: (11) 3643-3700<br />
<em><a href="http://www.ceagesp.gov.br" target="_blank" rel="noopener noreferrer">www.ceagesp.gov.br</a></em>[/vc_column_text][/qode_elements_holder_item][/qode_elements_holder][/vc_column_inner][/vc_row_inner][vc_empty_space][/vc_column][vc_column width=&#8221;1/2&#8243;][vc_row_inner row_type=&#8221;row&#8221; type=&#8221;full_width&#8221; text_align=&#8221;left&#8221; css_animation=&#8221;&#8221;][vc_column_inner][qode_elements_holder number_of_columns=&#8221;two_columns&#8221; columns_proportion=&#8221;25_75&#8243;][qode_elements_holder_item background_image=&#8221;3019&#8243; item_padding=&#8221;70px 0 55px 0&#8243; advanced_animations=&#8221;no&#8221; custom_class=&#8221;caixa-imagem&#8221;][/qode_elements_holder_item][qode_elements_holder_item background_color=&#8221;#d8d8d8&#8243; advanced_animations=&#8221;no&#8221; item_padding_600_768=&#8221;0 0 10px 0&#8243; item_padding_480_600=&#8221;0 0 10px 0&#8243; item_padding_480=&#8221;0 0 10px 0&#8243; custom_class=&#8221;caixa-preco&#8221;][vc_column_text css=&#8221;.vc_custom_1541423147527{padding-right: 15px !important;padding-left: 15px !important;}&#8221;]<strong>Mercado Municipal<br />
</strong>Um dos maiores ícones gastronômicos do país.<br />
R. Cantareira, 306 – Centro<br />
Tel.: (11) 3313-3365<br />
<em><a href="http://www.oportaldomercadao.com.br" target="_blank" rel="noopener noreferrer">www.oportaldomercadao.com.br</a></em>[/vc_column_text][/qode_elements_holder_item][/qode_elements_holder][/vc_column_inner][/vc_row_inner][vc_empty_space][/vc_column][/vc_row][vc_row css_animation=&#8221;&#8221; row_type=&#8221;row&#8221; use_row_as_full_screen_section=&#8221;no&#8221; type=&#8221;grid&#8221; angled_section=&#8221;no&#8221; text_align=&#8221;center&#8221; background_image_as_pattern=&#8221;without_pattern&#8221; z_index=&#8221;&#8221; el_class=&#8221;precos-estac&#8221;][vc_column width=&#8221;1/2&#8243;][vc_row_inner row_type=&#8221;row&#8221; type=&#8221;full_width&#8221; text_align=&#8221;left&#8221; css_animation=&#8221;&#8221;][vc_column_inner][qode_elements_holder number_of_columns=&#8221;two_columns&#8221; columns_proportion=&#8221;25_75&#8243;][qode_elements_holder_item background_image=&#8221;3021&#8243; item_padding=&#8221;70px 0 55px 0&#8243; advanced_animations=&#8221;no&#8221; custom_class=&#8221;caixa-imagem&#8221;][/qode_elements_holder_item][qode_elements_holder_item background_color=&#8221;#d8d8d8&#8243; advanced_animations=&#8221;no&#8221; item_padding_600_768=&#8221;0 0 10px 0&#8243; item_padding_480_600=&#8221;0 0 10px 0&#8243; item_padding_480=&#8221;0 0 10px 0&#8243; custom_class=&#8221;caixa-preco&#8221;][vc_column_text css=&#8221;.vc_custom_1541602282794{padding-right: 15px !important;padding-left: 15px !important;}&#8221;]<strong>Edifício Itália (Terraço Itália)</strong><br />
Cozinha italiana à luz de vela, piano e esplêndida vista da cidade.<br />
Av. Ipiranga, 344 – Centro<br />
Tel.: (11) 3256-5574<br />
<em><a href="http://www.edificioitalia.com.br" target="_blank" rel="noopener noreferrer">www.edificioitalia.com.br</a></em>[/vc_column_text][/qode_elements_holder_item][/qode_elements_holder][/vc_column_inner][/vc_row_inner][vc_empty_space][/vc_column][vc_column width=&#8221;1/2&#8243;][vc_empty_space][/vc_column][/vc_row][vc_row css_animation=&#8221;&#8221; row_type=&#8221;row&#8221; use_row_as_full_screen_section=&#8221;no&#8221; type=&#8221;full_width&#8221; angled_section=&#8221;no&#8221; text_align=&#8221;left&#8221; background_image_as_pattern=&#8221;without_pattern&#8221;][vc_column][vc_empty_space][/vc_column][/vc_row][vc_row css_animation=&#8221;&#8221; row_type=&#8221;row&#8221; use_row_as_full_screen_section=&#8221;no&#8221; type=&#8221;grid&#8221; angled_section=&#8221;no&#8221; text_align=&#8221;left&#8221; background_image_as_pattern=&#8221;without_pattern&#8221; z_index=&#8221;&#8221;][vc_column width=&#8221;1/3&#8243;][/vc_column][vc_column width=&#8221;1/3&#8243;][vc_raw_html]JTNDZGl2JTIwY2xhc3MlM0QlMjJ0aXR1bG8tb3Bjb2VzJTIyJTNFQUxHVU1BUyUyME9QJUMzJTg3JUMzJTk1RVMlMjBQQVJBJTIwVk9DJUMzJThBJTNBJTNDJTJGZGl2JTNF[/vc_raw_html][vc_empty_space][/vc_column][vc_column width=&#8221;1/3&#8243;][/vc_column][/vc_row][vc_row css_animation=&#8221;&#8221; row_type=&#8221;row&#8221; use_row_as_full_screen_section=&#8221;no&#8221; type=&#8221;grid&#8221; angled_section=&#8221;no&#8221; text_align=&#8221;left&#8221; background_image_as_pattern=&#8221;without_pattern&#8221; z_index=&#8221;&#8221;][vc_column width=&#8221;1/4&#8243;][/vc_column][vc_column width=&#8221;1/2&#8243;][vc_row_inner row_type=&#8221;row&#8221; type=&#8221;full_width&#8221; text_align=&#8221;left&#8221; css_animation=&#8221;&#8221;][vc_column_inner width=&#8221;1/3&#8243;][vc_raw_html]JTNDZGl2JTIwY2xhc3MlM0QlMjJib3Rhby1leHBsb3JlLXNxdWFyZSUyMiUzRSUzQ2ElMjBocmVmJTNEJTIyaHR0cHMlM0ElMkYlMkZ3d3cuc2FvcGF1bG9leHBvLmNvbS5iciUyRnB0JTJGZ3VpYSUyRmV4cGxvcmUtc2FvLXBhdWxvJTJGJTIyJTIwY2xhc3MlM0QlMjJib3Rhby1leHBvc2l0b3IlMjIlM0UlM0NpbWclMjBzcmMlM0QlMjJodHRwcyUzQSUyRiUyRnd3dy5zYW9wYXVsb2V4cG8uY29tLmJyJTJGcHQlMkZ3cC1jb250ZW50JTJGdXBsb2FkcyUyRjIwMTglMkYxMCUyRmJvdGFvX2V4cGxvcmVzcF9jaW56YS5qcGclMjIlM0UlM0MlMkZhJTNFJTNDJTJGZGl2JTNF[/vc_raw_html][/vc_column_inner][vc_column_inner width=&#8221;1/3&#8243;][vc_raw_html]JTNDZGl2JTIwY2xhc3MlM0QlMjJib3Rhby1sYXplci1zcXVhcmUlMjIlM0UlM0NhJTIwaHJlZiUzRCUyMmh0dHBzJTNBJTJGJTJGd3d3LnNhb3BhdWxvZXhwby5jb20uYnIlMkZwdCUyRmd1aWElMkZsYXplci1lLWVudHJldGVuaW1lbnRvJTJGJTIyJTIwY2xhc3MlM0QlMjJib3Rhby1leHBvc2l0b3IlMjIlM0UlM0NpbWclMjBzcmMlM0QlMjJodHRwcyUzQSUyRiUyRnd3dy5zYW9wYXVsb2V4cG8uY29tLmJyJTJGcHQlMkZ3cC1jb250ZW50JTJGdXBsb2FkcyUyRjIwMTglMkYxMCUyRmJvdGFvX2xhemVyX2NpbnphLmpwZyUyMiUzRSUzQyUyRmElM0UlM0MlMkZkaXYlM0U=[/vc_raw_html][/vc_column_inner][vc_column_inner width=&#8221;1/3&#8243;][vc_raw_html]JTNDZGl2JTIwY2xhc3MlM0QlMjJib3Rhby1hcnRlLXNxdWFyZSUyMiUzRSUzQ2ElMjBocmVmJTNEJTIyaHR0cHMlM0ElMkYlMkZ3d3cuc2FvcGF1bG9leHBvLmNvbS5iciUyRnB0JTJGZ3VpYSUyRmFydGUtZS1jdWx0dXJhJTJGJTIyJTIwY2xhc3MlM0QlMjJib3Rhby1leHBvc2l0b3IlMjIlM0UlM0NpbWclMjBzcmMlM0QlMjJodHRwcyUzQSUyRiUyRnd3dy5zYW9wYXVsb2V4cG8uY29tLmJyJTJGcHQlMkZ3cC1jb250ZW50JTJGdXBsb2FkcyUyRjIwMTglMkYxMCUyRmJvdGFvX2FydGVfY2luemEuanBnJTIyJTNFJTNDJTJGYSUzRSUzQyUyRmRpdiUzRQ==[/vc_raw_html][/vc_column_inner][/vc_row_inner][/vc_column][vc_column width=&#8221;1/4&#8243;][/vc_column][/vc_row][vc_row css_animation=&#8221;&#8221; row_type=&#8221;row&#8221; use_row_as_full_screen_section=&#8221;no&#8221; type=&#8221;full_width&#8221; angled_section=&#8221;no&#8221; text_align=&#8221;left&#8221; background_image_as_pattern=&#8221;without_pattern&#8221;][vc_column][vc_empty_space height=&#8221;102px&#8221;][/vc_column][/vc_row]</p>
</div>

<p>[vc_row css_animation=&#8221;&#8221; row_type=&#8221;row&#8221; use_row_as_full_screen_section=&#8221;no&#8221; type=&#8221;grid&#8221; angled_section=&#8221;no&#8221; text_align=&#8221;left&#8221; background_image=&#8221;2965&#8243; background_image_as_pattern=&#8221;without_pattern&#8221; css=&#8221;.vc_custom_1541423403575{padding-top: 100px !important;padding-bottom: 130px !important;}&#8221; z_index=&#8221;&#8221;][vc_column width=&#8221;1/6&#8243;][/vc_column][vc_column width=&#8221;2/3&#8243;][vc_empty_space][vc_column_text] GASTRONOMIA [/vc_column_text][vc_separator type=&#8221;normal&#8221; color=&#8221;#ffffff&#8221; up=&#8221;30&#8243; down=&#8221;30&#8243; el_class=&#8221;divisor-preto-curto&#8221;][vc_column_text] Uma gastronomia rica e diversificada, que atende todos os gostos nos mais variados preços. [/vc_column_text][vc_empty_space][/vc_column][vc_column width=&#8221;1/6&#8243;][/vc_column][/vc_row][vc_row css_animation=&#8221;&#8221; row_type=&#8221;row&#8221; use_row_as_full_screen_section=&#8221;no&#8221; type=&#8221;full_width&#8221; angled_section=&#8221;no&#8221;&#8230;</p>
